02-13 17:33:46.225 552 1138 W audio_hw_utils: audio_extn_utils_update_stream_input_app_type_cfg: App type could not be selected. Falling back to default
02-13 17:33:46.229 609 4558 I AudioFlinger: AudioFlinger's thread 0xed603400 tid=4558 ready to run
02-13 17:33:46.229 552 1138 D audio_hw_primary: in_standby: enter: stream (0xe7c29380) usecase(38: compress-voip-call)
02-13 17:33:46.230 552 4186 D audio_hw_primary: in_standby: enter: stream (0xe7c29380) usecase(38: compress-voip-call)
02-13 17:33:46.233 552 1138 W EffectHAL: Effect 0xe67fe1f0 command SET_CONFIG returned status: Invalid argument
02-13 17:33:46.237 552 1138 W EffectHAL: Effect 0xe67fe1f0 command SET_CONFIG returned status: Invalid argument
02-13 17:33:46.238 552 1458 W EffectHAL: Effect 0xe739c840 command SET_CONFIG returned status: Invalid argument
02-13 17:33:46.238 609 1154 W AudioFlinger: createRecordTrack_l(): mismatch between requested flags (00000005) and input flags (00000000)
02-13 17:33:46.239 609 1154 W AudioFlinger: session id 89 not found for pid 4058
02-13 17:33:46.240 609 1154 W AudioFlinger: session id 89 not found for pid 4058
02-13 17:33:46.244 552 4186 D audio_hw_primary: adev_close_input_stream: enter:stream_handle(0xe7c29380)
02-13 17:33:46.244 552 4186 D compress_voip: voice_extn_compress_voip_close_input_stream: enter
02-13 17:33:46.244 552 4186 D compress_voip: voip_stop_call: enter, out_stream_count=0, in_stream_count=0
02-13 17:33:46.244 552 4186 E compress_voip: voip_stop_call: Could not find the usecase (38) in the list
02-13 17:33:46.244 552 4186 E audio_hw_primary: adev_close_input_stream: Compress voip input cannot be closed, error:-22
02-13 17:33:46.246 552 552 D audio_hw_primary: adev_open_input_stream: enter: sample_rate(48000) channel_mask(0x10) devices(0x80000004) stream_handle(0xe8056e00) io_handle(62) source(7) format 1
02-13 17:33:46.246 552 552 D compress_voip: voice_extn_compress_voip_pcm_prop_check: VoIP PCM property is enabled
02-13 17:33:46.246 552 552 D compress_voip: voice_extn_compress_voip_open_input_stream: enter
02-13 17:33:46.246 552 552 D compress_voip: voip_set_mode: enter, format=1
02-13 17:33:46.246 552 552 D compress_voip: voip_set_mode: Derived mode = 12
02-13 17:33:46.246 552 552 W audio_hw_utils: audio_extn_utils_update_stream_input_app_type_cfg: App type could not be selected. Falling back to default
02-13 17:33:46.253 552 1458 W EffectHAL: Effect 0xe67fe230 command SET_CONFIG returned status: Invalid argument
02-13 17:33:46.255 609 4559 I AudioFlinger: AudioFlinger's thread 0xed603b80 tid=4559 ready to run
02-13 17:33:46.256 552 3182 D audio_hw_primary: in_standby: enter: stream (0xe8056e00) usecase(38: compress-voip-call)
02-13 17:33:46.256 552 1458 W EffectHAL: Effect 0xe67fe230 command SET_CONFIG returned status: Invalid argument
02-13 17:33:46.257 552 3182 W EffectHAL: Effect 0xe67fe170 command SET_CONFIG returned status: Invalid argument
02-13 17:33:46.274 552 1470 D audio_hw_primary: in_set_parameters: enter: kvpairs=bottom=;input_source=7;routing=-2147483644
02-13 17:33:46.277 609 1526 I SoundTriggerHwService::Module: onCallbackEvent no clients
02-13 17:33:46.284 552 4561 D compress_voip: voice_extn_compress_voip_start_input_stream: enter
02-13 17:33:46.284 552 4561 D compress_voip: voip_start_call: enter
02-13 17:33:46.284 552 4561 D audio_hw_primary: select_devices for use case (compress-voip-call)
02-13 17:33:46.285 552 4561 D audio_hw_primary: select_devices: out_snd_device(15: voice-handset) in_snd_device(99: voice-dmic-ef)
02-13 17:33:46.285 552 4561 I msm8974_platform: platform_check_and_set_codec_backend_cfg:becf: afe: bitwidth 16, samplerate 48000 channels 2, backend_idx 0 usecase = 38 device (voice-handset)
02-13 17:33:46.285 552 4561 D msm8974_platform: platform_split_snd_device: snd_device(15) num devices(1) new_snd_devices(0)
02-13 17:33:46.285 552 4561 I msm8974_platform: platform_check_and_set_codec_backend_cfg: new_snd_devices[0] is 15
02-13 17:33:46.285 552 4561 I msm8974_platform: platform_check_codec_backend_cfg:becf: afe: bitwidth 16, samplerate 48000 channels 2, backend_idx 0 usecase = 38 device (voice-handset)
02-13 17:33:46.285 552 4561 W msm8974_platform: platform_check_codec_backend_cfg:becf: afe:Use default bw and sr for voice/voip calls
02-13 17:33:46.285 552 4561 D msm8974_platform: platform_check_codec_backend_cfg:becf: afe: playback on codec device not supporting native playback set default Sample Rate(48k)
02-13 17:33:46.285 552 4561 I msm8974_platform: platform_check_codec_backend_cfg:becf: afe: Codec selected backend: 0 updated bit width: 16 and sample rate: 48000
02-13 17:33:46.285 552 4561 D audio_hw_primary: check_usecases_codec_backend:becf: force routing 0
02-13 17:33:46.285 552 4561 D audio_hw_primary: check_usecases_codec_backend:becf: (65) check_usecases curr device: voice-handset, usecase device:handset backends match 1
02-13 17:33:46.285 552 4561 D audio_hw_primary: check_usecases_codec_backend:becf: check_usecases (low-latency-playback) is active on (handset) - disabling ..
02-13 17:33:46.285 552 4561 D audio_hw_primary: disable_audio_route: reset and update mixer path: low-latency-playback
02-13 17:33:46.323 552 4561 D soundtrigger: audio_extn_sound_trigger_update_stream_status: uc_info->id 1 of type 0 for Event 2, with Raise=0
02-13 17:33:46.323 552 4561 E msm8974_platform: platform_check_backends_match: Invalid snd_device =
02-13 17:33:46.323 552 4561 D audio_hw_primary: check_usecases_codec_backend:becf: (65) check_usecases curr device: voice-handset, usecase device: backends match 0
02-13 17:33:46.323 552 4561 D audio_hw_primary: check_usecases_codec_backend:becf: check_usecases num.of Usecases to switch 1
02-13 17:33:46.323 552 4561 D msm8974_platform: platform_split_snd_device: snd_device(1) num devices(0) new_snd_devices(0)
02-13 17:33:46.323 552 4561 D hardware_info: hw_info_append_hw_type : device_name = handset
02-13 17:33:46.324 552 4561 D audio_hw_primary: disable_snd_device: snd_device(1: handset)
02-13 17:33:46.324 552 4561 D msm8974_platform: platform_split_snd_device: snd_device(1) num devices(0) new_snd_devices(0)
02-13 17:33:46.328 552 4561 I soundtrigger: audio_extn_sound_trigger_update_device_status: device 0x1 of type 0 for Event 0, with Raise=0
02-13 17:33:46.328 552 4561 D msm8974_platform: platform_split_snd_device: snd_device(1) num devices(0) new_snd_devices(0)
02-13 17:33:46.328 552 4561 D hardware_info: hw_info_append_hw_type : device_name = voice-handset
02-13 17:33:46.328 552 4561 D msm8974_platform: platform_split_snd_device: snd_device(15) num devices(0) new_snd_devices(0)
02-13 17:33:46.328 552 4561 D audio_hw_primary: enable_snd_device: snd_device(15: voice-handset)
02-13 17:33:46.328 552 4561 I soundtrigger: audio_extn_sound_trigger_update_device_status: device 0xf of type 0 for Event 1, with Raise=0
02-13 17:33:46.328 552 4561 D audio_route: Apply path: voice-handset
02-13 17:33:46.332 552 4561 D audio_hw_primary: check_usecases_codec_backend:becf: enabling usecase (low-latency-playback) on (voice-handset)
02-13 17:33:46.332 552 4561 D soundtrigger: audio_extn_sound_trigger_update_stream_status: uc_info->id 1 of type 0 for Event 3, with Raise=0
02-13 17:33:46.332 552 4561 D audio_hw_utils: audio_extn_utils_send_app_type_cfg: usecase->out_snd_device voice-handset
02-13 17:33:46.332 552 4561 D msm8974_platform: platform_split_snd_device: snd_device(15) num devices(0) new_snd_devices(0)
02-13 17:33:46.333 552 4561 E msm8974_platform: platform_get_snd_device_backend_index: BE DAI Name Table is not present
02-13 17:33:46.333 552 4561 E audio_hw_utils: send_app_type_cfg_for_device: Couldn't get the backend index for snd device voice-handset ret=-14
02-13 17:33:46.333 552 4561 D audio_hw_utils: audio_extn_btsco_get_sample_rate:Not a BT SCO device, need not update sampling rate
02-13 17:33:46.333 552 4561 I audio_hw_utils: send_app_type_cfg_for_device PLAYBACK app_type 69937, acdb_dev_id 7, sample_rate 48000, snd_device_be_idx -14
02-13 17:33:46.333 552 4561 D msm8974_platform: platform_split_snd_device: snd_device(15) num devices(1) new_snd_devices(0)
02-13 17:33:46.333 552 4561 D ACDB-LOADER: ACDB -> send_audio_cal, acdb_id = 7, path = 0, app id = 0x11131, sample rate = 48000
02-13 17:33:46.333 552 4561 D ACDB-LOADER: ACDB -> ACDB_CMD_GET_AUDPROC_GAIN_DEP_STEP_TABLE, vol index 0
02-13 17:33:46.333 552 4561 D ACDB-LOADER: ACDB -> AUDIO_SET_VOL_CAL cal type = 12
02-13 17:33:46.333 552 4561 D ACDB-LOADER: ACDB -> audstrm_cal->cal_type.cal_data.cal_size = 16
02-13 17:33:46.334 552 4561 D ACDB-LOADER: ACDB -> ACDB_CMD_GET_AFE_TOPOLOGY_ID
02-13 17:33:46.334 552 4561 D ACDB-LOADER: ACDB -> GET_AFE_TOPOLOGY_ID for adcd_id 7, Topology Id 112fc
02-13 17:33:46.334 552 4561 D : Failed to fetch the lookup information of the device 00000007
02-13 17:33:46.334 552 4561 E ACDB-LOADER: Error: ACDB_CMD_GET_AFE_COMMON_TABLE_SIZE Returned = -19
02-13 17:33:46.334 552 4561 D : Failed to fetch the lookup information of the device 00000007
02-13 17:33:46.334 552 4561 E ACDB-LOADER: Error: ACDB AFE returned = -19
02-13 17:33:46.334 552 4561 D ACDB-LOADER: ACDB -> send_hw_delay : acdb_id = 7 path = 0
02-13 17:33:46.334 552 4561 D audio_hw_primary: enable_audio_route: apply mixer and update path: low-latency-playback
02-13 17:33:46.334 552 4561 D audio_route: Apply path: low-latency-playback
02-13 17:33:46.365 552 4561 D hardware_info: hw_info_append_hw_type : device_name = voice-handset
02-13 17:33:46.365 552 4561 I msm8974_platform: platform_check_and_set_capture_codec_backend_cfg:txbecf: afe: bitwidth 16, samplerate 48000, channel 1 format 1, backend_idx 7 usecase = 38 device (voice-dmic-ef)
02-13 17:33:46.365 552 4561 I msm8974_platform: platform_check_capture_codec_backend_cfg:txbecf: afe: Codec selected backend: 7 current bit width: 16 and sample rate: 48000, channels 1 format 1
02-13 17:33:46.365 552 4561 W msm8974_platform: platform_check_capture_codec_backend_cfg:txbecf: afe: Use default bw and sr for voice/voip calls and for unprocessed/camera source
02-13 17:33:46.365 552 4561 I msm8974_platform: platform_check_capture_codec_backend_cfg:txbecf: afe: Codec selected backend: 7 updated bit width: 16 and sample rate: 48000
02-13 17:33:46.365 552 4561 D audio_hw_primary: check_usecases_capture_codec_backend:becf: force routing 0
02-13 17:33:46.365 552 4561 D hardware_info: hw_info_append_hw_type : device_name = voice-dmic-ef
02-13 17:33:46.365 552 4561 D msm8974_platform: platform_split_snd_device: snd_device(99) num devices(0) new_snd_devices(0)
02-13 17:33:46.365 552 4561 D audio_hw_primary: enable_snd_device: snd_device(99: voice-dmic-ef)
02-13 17:33:46.366 552 4561 I soundtrigger: audio_extn_sound_trigger_update_device_status: device 0x63 of type 1 for Event 1, with Raise=1
02-13 17:33:46.366 552 4561 D sound_trigger_platform: platform_stdev_check_and_update_concurrency: concurrency active 0, tx 1, rx 0, concurrency session_allowed 0
02-13 17:33:46.366 552 4561 D audio_route: Apply path: voice-dmic-ef
02-13 17:33:46.380 552 4561 D ACDB-LOADER: ACDB -> send_voice_cal, acdb_rx = 7, acdb_tx = 41, feature_set = 0
02-13 17:33:46.380 552 4561 D ACDB-LOADER: ACDB -> send_voice_rx_topology
02-13 17:33:46.380 552 4561 D ACDB-LOADER: ACDB -> ACDB_CMD_GET_VOCPROC_COMMON_TOPOLOGY_ID
02-13 17:33:46.380 552 4561 D ACDB-LOADER: ACDB -> send_voice_tx_topology
02-13 17:33:46.380 552 4561 D ACDB-LOADER: ACDB -> ACDB_CMD_GET_VOCPROC_COMMON_TOPOLOGY_ID
02-13 17:33:46.380 552 4561 D ACDB-LOADER: ACDB -> ACDB_CMD_GET_AFE_DATA
02-13 17:33:46.380 552 4561 D ACDB-LOADER: ACDB -> AUDIO_SET_SIDETONE_CAL
02-13 17:33:46.380 552 4561 D ACDB-LOADER: ACDB -> send_voice_columns, rxacdb_id 7, txacdb_id 41, table 5
02-13 17:33:46.380 552 4561 D ACDB-LOADER: ACDB -> ACDB_CMD_GET_VOC_COLUMNS_INFO_V2
02-13 17:33:46.380 552 4561 D ACDB-LOADER: ACDB -> ACDB_CMD_GET_VOC_PROC_STATIC_TABLE_SIZE
02-13 17:33:46.382 552 4561 D ACDB-LOADER: ACDB -> ACDB_CMD_GET_VOC_PROC_STATIC_TABLE
02-13 17:33:46.384 552 4561 D ACDB-LOADER: ACDB -> AUDIO_SET_VOCPROC_CAL
02-13 17:33:46.384 552 4561 D ACDB-LOADER: ACDB -> ACDB_CMD_GET_VOC_PROC_DEVICE_CFG
02-13 17:33:46.384 552 4561 D ACDB-LOADER: ACDB -> AUDIO_SET_VOCPROC_DEV_CFG_CAL
02-13 17:33:46.384 552 4561 D ACDB-LOADER: ACDB -> send_voice_columns, rxacdb_id 7, txacdb_id 41, table 4
02-13 17:33:46.384 552 4561 D ACDB-LOADER: ACDB -> ACDB_CMD_GET_VOC_COLUMNS_INFO_V2
02-13 17:33:46.384 552 4561 D ACDB-LOADER: ACDB -> ACDB_CMD_GET_VOC_PROC_DYNAMIC_TABLE_SIZE
02-13 17:33:46.388 552 4561 D ACDB-LOADER: ACDB -> ACDB_CMD_GET_VOC_PROC_DYNAMIC_TABLE
02-13 17:33:46.394 552 4561 D ACDB-LOADER: ACDB -> AUDIO_SET_VOCPROC_VOL_CAL
02-13 17:33:46.394 552 4561 D ACDB-LOADER: ACDB -> send_voice_columns, rxacdb_id 7, txacdb_id 41, table 6
02-13 17:33:46.394 552 4561 D ACDB-LOADER: ACDB -> ACDB_CMD_GET_VOC_COLUMNS_INFO_V2
02-13 17:33:46.394 552 4561 D ACDB-LOADER: ACDB -> ACDB_CMD_GET_VOC_STREAM_STATIC_TABLE_SIZE
02-13 17:33:46.395 552 4561 D ACDB-LOADER: ACDB -> ACDB_CMD_GET_VOC_STREAM_STATIC_TABLE
02-13 17:33:46.395 552 4561 D ACDB-LOADER: ACDB -> AUDIO_SET_VOCPROC_STREAM_CAL
02-13 17:33:46.395 552 4561 D ACDB-LOADER: ACDB -> ACDB_CMD_GET_AFE_TOPOLOGY_ID
02-13 17:33:46.395 552 4561 D ACDB-LOADER: ACDB -> GET_AFE_TOPOLOGY_ID for adcd_id 41, Topology Id 112fb
02-13 17:33:46.395 552 4561 D : Failed to fetch the lookup information of the device 00000029
02-13 17:33:46.395 552 4561 E ACDB-LOADER: Error: ACDB_CMD_GET_AFE_COMMON_TABLE_SIZE Returned = -19
02-13 17:33:46.395 552 4561 D : Failed to fetch the lookup information of the device 00000029
02-13 17:33:46.395 552 4561 E ACDB-LOADER: Error: ACDB AFE returned = -19
02-13 17:33:46.395 552 4561 D ACDB-LOADER: ACDB -> ACDB_CMD_GET_AFE_TOPOLOGY_ID
02-13 17:33:46.395 552 4561 D ACDB-LOADER: ACDB -> GET_AFE_TOPOLOGY_ID for adcd_id 7, Topology Id 112fc
02-13 17:33:46.395 552 4561 D : Failed to fetch the lookup information of the device 00000007
02-13 17:33:46.395 552 4561 E ACDB-LOADER: Error: ACDB_CMD_GET_AFE_COMMON_TABLE_SIZE Returned = -19
02-13 17:33:46.395 552 4561 D : Failed to fetch the lookup information of the device 00000007
02-13 17:33:46.395 552 4561 E ACDB-LOADER: Error: ACDB AFE returned = -19
02-13 17:33:46.395 552 4561 D ACDB-LOADER: ACDB -> send_hw_delay : acdb_id = 41 path = 1
02-13 17:33:46.395 552 4561 D ACDB-LOADER: ACDB -> send_hw_delay : acdb_id = 7 path = 0
02-13 17:33:46.395 552 4561 D ACDB-LOADER: ACDB -> Sent VocProc Cal!
02-13 17:33:46.395 552 4561 E audio_hw_utils: audio_extn_utils_update_stream_app_type_cfg_for_usecase: app type cfg not supported for usecase type (3)
02-13 17:33:46.395 552 4561 I audio_hw_utils: audio_extn_utils_send_app_type_cfg: not a playback/capture path, no need to cfg app type
02-13 17:33:46.395 552 4561 D audio_hw_primary: enable_audio_route: apply mixer and update path: compress-voip-call
02-13 17:33:46.395 552 4561 D audio_route: Apply path: compress-voip-call
02-13 17:33:46.397 552 4561 D audio_hw_primary: select_devices: done
02-13 17:33:46.397 552 4561 D compress_voip: voip_start_call: Opening PCM capture device card_id(0) device_id(3)
02-13 17:33:46.402 552 4561 D compress_voip: voip_start_call: Opening PCM playback device card_id(0) device_id(3)
02-13 17:33:46.455 552 4561 D voice : voice_set_sidetone: enable, out_snd_device: 15
02-13 17:33:46.455 552 4561 D audio_route: Apply path: sidetone-handset
Thank you!
Hi.
Really liking this build so far. Just wanted to chime in and confirm this works on my OnePlus 3 perfectly with no issues. Thanks again :good:
@MSe1969
You may want to edit the OP and title to include OnePlus 3 also as this ROM is in the Cross Device Development section and seems to work on both 3 and 3T.
TNSMANI said:
@MSe1969
You may want to edit the OP and title to include OnePlus 3 also as this ROM is in the Cross Device Development section and seems to work on both 3 and 3T.
Click to expand...
Click to collapse
Thanks for the hint - it's done.
0xC0ncord said:
Hello,
First off thank you very much for your hard work.
I have a strange but reproducible issue here. Whenever I place or receive a SIP call, my device hard freezes. The UI stops responding for about 5 seconds before going black, and the phone stays in this state until it is hard reset. I have gotten this crash on both the native Android SIP client in the Dialer and also with Linphone. I am running microG and Magisk. I had this exact same setup before on NLOS without issues.
Original kernel: Yes
Build date: Fri Feb 7 17:49:21 CET 2020
Logcat (taken right before launching Linphone and trying to place a call):
Thank you!
Click to expand...
Click to collapse
Hi, thanks for reporting your issue, I may need some time to dig in to that.
Just one thing, which I have immediately spotted: The linphone app (which you used to create the logcat) did not have the RECORD_AUDIO permission - could you pls. have a closer look on that aspect?
MSe1969 said:
Hi, thanks for reporting your issue, I may need some time to dig in to that.
Just one thing, which I have immediately spotted: The linphone app (which you used to create the logcat) did not have the RECORD_AUDIO permission - could you pls. have a closer look on that aspect?
Click to expand...
Click to collapse
That's odd. The app's permissions in Settings shows it has permission, but for good measure I went ahead and used the shell to grant the permission manually with
Code:
pm grant "org.linphone" android.permission.RECORD_AUDIO
The same type of crash occurs afterwards, though.
Below is another logcat after doing this, taken right before trying to initiate a call:
Code:
02-16 10:10:51.779 498 533 W Netd : No subsystem found in netlink event
02-16 10:10:52.827 592 2282 I WifiHAL : event received NL80211_CMD_VENDOR, vendor_id = 0x1374, subcmd = 0xd
02-16 10:10:53.910 977 1721 D ConnectivityService: handleLingerComplete for NetworkAgentInfo [MOBILE (IWLAN) - 103]
02-16 10:10:54.829 592 2282 I WifiHAL : event received NL80211_CMD_VENDOR, vendor_id = 0x1374, subcmd = 0xd
02-16 10:10:56.832 592 2282 I WifiHAL : event received NL80211_CMD_VENDOR, vendor_id = 0x1374, subcmd = 0xd
02-16 10:10:58.618 977 2202 I WifiService: acquireWifiLock uid=10140 lockMode=3
02-16 10:10:58.620 977 2202 I WifiService: acquireMulticastLock uid=10140
02-16 10:10:58.623 1941 1941 E wpa_supplicant: wpa_driver_nl80211_driver_cmd: failed to issue private commands
02-16 10:10:58.624 977 1706 E SupplicantStaIfaceHal: ISupplicantStaIface.addRxFilter failed: {.code = FAILURE_UNKNOWN, .debugMessage = }
02-16 10:10:58.626 556 1490 D audio_hw_primary: adev_set_mode: mode 3
02-16 10:10:58.627 613 1194 D AudioPolicyManagerCustom: setPhoneState() state 3
02-16 10:10:58.630 556 1490 D audio_hw_primary: out_set_parameters: enter: usecase(1: low-latency-playback) kvpairs: routing=1
02-16 10:10:58.630 556 1490 D audio_hw_extn: audio_extn_set_anc_parameters: anc_enabled:0
02-16 10:10:58.635 556 556 D audio_hw_primary: out_set_parameters: enter: usecase(0: deep-buffer-playback) kvpairs: routing=1
02-16 10:10:58.658 613 613 D AudioPolicyManagerCustom: setForceUse() usage 7, config 0, mPhoneState 3
02-16 10:10:58.658 1833 2019 I vol.Events: writeEvent level_changed STREAM_SYSTEM 5
02-16 10:10:58.658 4371 4371 W AudioManager: Use of stream types is deprecated for operations other than volume control
02-16 10:10:58.658 4371 4371 W AudioManager: See the documentation of requestAudioFocus() for what to use instead with android.media.AudioAttributes to qualify your playback use case
02-16 10:10:58.660 977 4358 I MediaFocusControl: requestAudioFocus() from uid/pid 10140/4371 [email protected] callingPack=org.linphone req=4 flags=0x0 sdk=28
02-16 10:10:58.667 1833 2019 I vol.Events: writeEvent level_changed STREAM_RING 5
02-16 10:10:58.669 1833 2019 I vol.Events: writeEvent level_changed STREAM_MUSIC 8
02-16 10:10:58.671 1833 2019 I vol.Events: writeEvent level_changed STREAM_ALARM 6
02-16 10:10:58.673 977 2202 I ActivityManager: START u0 {cmp=org.linphone/.call.CallOutgoingActivity} from uid 10140
02-16 10:10:58.707 4371 4371 W ActivityThread: handleWindowVisibility: no activity for token [email protected]
02-16 10:10:58.835 592 2282 I WifiHAL : event received NL80211_CMD_VENDOR, vendor_id = 0x1374, subcmd = 0xd
02-16 10:10:58.695 977 2202 I ActivityManager: START u0 {cmp=org.linphone/.call.CallOutgoingActivity} from uid 10140
02-16 10:10:59.397 498 532 E NetlinkEvent: NetlinkEvent::FindParam(): Parameter 'INTERFACE' not found
02-16 10:10:59.397 498 532 E NetlinkEvent: NetlinkEvent::FindParam(): Parameter 'STATE' not found
02-16 10:10:59.397 498 532 E NetlinkEvent: NetlinkEvent::FindParam(): Parameter 'TIME_NS' not found
02-16 10:10:59.397 498 532 E NetlinkEvent: NetlinkEvent::FindParam(): Parameter 'UID' not found
02-16 10:10:59.838 977 1084 E AppOps : Creating dialog box
02-16 10:10:59.882 977 2872 I Adreno : QUALCOMM build : 365e321, I294de8bafa
02-16 10:10:59.882 977 2872 I Adreno : Build Date : 01/08/19
02-16 10:10:59.882 977 2872 I Adreno : OpenGL ES Shader Compiler Version: EV031.25.03.02
02-16 10:10:59.882 977 2872 I Adreno : Local Branch :
02-16 10:10:59.882 977 2872 I Adreno : Remote Branch : refs/tags/AU_LINUX_ANDROID_LA.UM.7.5.R1.09.00.00.464.040
02-16 10:10:59.882 977 2872 I Adreno : Remote Branch : NONE
02-16 10:10:59.882 977 2872 I Adreno : Reconstruct Branch : NOTHING
02-16 10:10:59.882 977 2872 I Adreno : Build Config : S L 6.0.7 AArch64
02-16 10:10:59.891 977 2872 D vndksupport: Loading /vendor/lib64/hw/gralloc.msm8996.so from current namespace instead of sphal namespace.
02-16 10:10:59.896 977 2872 I Adreno : PFP: 0x005ff110, ME: 0x005ff066
02-16 10:10:59.900 977 2872 I ConfigStore: android::hardware::configstore::V1_0::ISurfaceFlingerConfigs::hasWideColorDisplay retrieved: 0
02-16 10:10:59.900 977 2872 I ConfigStore: android::hardware::configstore::V1_0::ISurfaceFlingerConfigs::hasHDRDisplay retrieved: 0
02-16 10:10:59.902 977 2872 I OpenGLRenderer: Initialized EGL, version 1.4
02-16 10:10:59.902 977 2872 D OpenGLRenderer: Swap behavior 2
02-16 10:11:00.842 592 2282 I WifiHAL : event received NL80211_CMD_VENDOR, vendor_id = 0x1374, subcmd = 0xd
02-16 10:11:01.101 498 533 W Netd : No subsystem found in netlink event
02-16 10:11:01.385 2131 2272 D MmsService: getAutoPersisting
02-16 10:11:01.401 2881 2881 V SmsReceiver: onReceive
02-16 10:11:01.407 2881 2934 V ReceiveSms$buildObserva: [email protected]e4d, drop=false
02-16 10:11:01.592 2881 2934 E ActivityThread: Failed to find provider info for com.teslacoilsw.notifier
02-16 10:11:01.806 1833 1833 D StatusBar: disable<e i a s b h r c s > disable2<q i n >
02-16 10:11:01.848 1833 1833 W StaticLayout: maxLineHeight should not be -1. maxLines:1 lineCount:1
02-16 10:11:01.849 1833 1833 I chatty : uid=10010(com.android.systemui) identical 2 lines
02-16 10:11:01.849 1833 1833 W StaticLayout: maxLineHeight should not be -1. maxLines:1 lineCount:1
02-16 10:11:02.044 977 2872 D OpenGLRenderer: endAllActiveAnimators on 0x7ecaab2f00 (RippleDrawable) with handle 0x7edeff56a0
02-16 10:11:02.058 977 4358 I ActivityManager: START u0 {cmp=org.linphone/.call.CallActivity} from uid 10140
02-16 10:11:02.090 4371 4371 W libOpenSLES: Conversion from OpenSL ES positional channel mask 0x4 to Android mask 0 loses channels
02-16 10:11:02.090 4371 4371 I libOpenSLES: Emulating old channel mask behavior (ignoring positional mask 0x4, using default mask 0x10 based on channel count of 1)
02-16 10:11:02.093 556 1490 D audio_hw_primary: adev_open_input_stream: enter: sample_rate(48000) channel_mask(0x10) devices(0x80000004) stream_handle(0xf3290000) io_handle(54) source(7) format 1
02-16 10:11:02.093 556 1490 D compress_voip: voice_extn_compress_voip_pcm_prop_check: VoIP PCM property is enabled
02-16 10:11:02.093 556 1490 D compress_voip: voice_extn_compress_voip_open_input_stream: enter
02-16 10:11:02.093 556 1490 D compress_voip: voip_set_mode: enter, format=1
02-16 10:11:02.093 556 1490 D compress_voip: voip_set_mode: Derived mode = 12
02-16 10:11:02.093 556 1490 W audio_hw_utils: audio_extn_utils_update_stream_input_app_type_cfg: App type could not be selected. Falling back to default
02-16 10:11:02.094 613 4817 I AudioFlinger: AudioFlinger's thread 0xe7483040 tid=4817 ready to run
02-16 10:11:02.094 556 1490 D audio_hw_primary: in_standby: enter: stream (0xf3290000) usecase(38: compress-voip-call)
02-16 10:11:02.095 556 556 D audio_hw_primary: in_standby: enter: stream (0xf3290000) usecase(38: compress-voip-call)
02-16 10:11:02.097 556 556 W EffectHAL: Effect 0xf36c3680 command SET_CONFIG returned status: Invalid argument
02-16 10:11:02.099 556 556 W EffectHAL: Effect 0xf36c3680 command SET_CONFIG returned status: Invalid argument
02-16 10:11:02.099 556 556 W EffectHAL: Effect 0xf36c37f0 command SET_CONFIG returned status: Invalid argument
02-16 10:11:02.100 613 613 W AudioFlinger: createRecordTrack_l(): mismatch between requested flags (00000005) and input flags (00000000)
02-16 10:11:02.100 613 613 W AudioFlinger: session id 9 not found for pid 4371
02-16 10:11:02.101 613 613 W AudioFlinger: session id 9 not found for pid 4371
02-16 10:11:02.105 556 1490 D audio_hw_primary: adev_close_input_stream: enter:stream_handle(0xf3290000)
02-16 10:11:02.105 556 1490 D compress_voip: voice_extn_compress_voip_close_input_stream: enter
02-16 10:11:02.105 556 1490 D compress_voip: voip_stop_call: enter, out_stream_count=0, in_stream_count=0
02-16 10:11:02.105 556 1490 E compress_voip: voip_stop_call: Could not find the usecase (38) in the list
02-16 10:11:02.106 556 1490 E audio_hw_primary: adev_close_input_stream: Compress voip input cannot be closed, error:-22
02-16 10:11:02.108 556 1490 D audio_hw_primary: adev_open_input_stream: enter: sample_rate(48000) channel_mask(0x10) devices(0x80000004) stream_handle(0xf3290000) io_handle(62) source(7) format 1
02-16 10:11:02.108 556 1490 D compress_voip: voice_extn_compress_voip_pcm_prop_check: VoIP PCM property is enabled
02-16 10:11:02.108 556 1490 D compress_voip: voice_extn_compress_voip_open_input_stream: enter
02-16 10:11:02.108 556 1490 D compress_voip: voip_set_mode: enter, format=1
02-16 10:11:02.108 556 1490 D compress_voip: voip_set_mode: Derived mode = 12
02-16 10:11:02.108 556 1490 W audio_hw_utils: audio_extn_utils_update_stream_input_app_type_cfg: App type could not be selected. Falling back to default
02-16 10:11:02.109 613 4818 I AudioFlinger: AudioFlinger's thread 0xe7483140 tid=4818 ready to run
02-16 10:11:02.110 556 1490 D audio_hw_primary: in_standby: enter: stream (0xf3290000) usecase(38: compress-voip-call)
02-16 10:11:02.111 556 1490 W EffectHAL: Effect 0xf328f040 command SET_CONFIG returned status: Invalid argument
02-16 10:11:02.112 556 1490 D audio_hw_primary: in_standby: enter: stream (0xf3290000) usecase(38: compress-voip-call)
02-16 10:11:02.114 556 1490 W EffectHAL: Effect 0xf328f040 command SET_CONFIG returned status: Invalid argument
02-16 10:11:02.114 556 1490 W EffectHAL: Effect 0xf328f0d0 command SET_CONFIG returned status: Invalid argument
02-16 10:11:02.122 556 1490 D audio_hw_primary: in_set_parameters: enter: kvpairs=bottom=;input_source=7;routing=-2147483644
02-16 10:11:02.124 613 1513 I SoundTriggerHwService::Module: onCallbackEvent no clients
02-16 10:11:02.125 4371 4371 D : PlayerBase::PlayerBase()
02-16 10:11:02.125 4371 4371 D : TrackPlayerBase::TrackPlayerBase()
02-16 10:11:02.126 4371 4371 I libOpenSLES: Emulating old channel mask behavior (ignoring positional mask 0x4, using default mask 0x1 based on channel count of 1)
02-16 10:11:02.126 556 4819 D compress_voip: voice_extn_compress_voip_start_input_stream: enter
02-16 10:11:02.126 556 4819 D compress_voip: voip_start_call: enter
02-16 10:11:02.126 556 4819 D audio_hw_primary: select_devices for use case (compress-voip-call)
02-16 10:11:02.126 556 4819 D audio_hw_primary: select_devices: out_snd_device(15: voice-handset) in_snd_device(99: voice-dmic-ef)
02-16 10:11:02.126 556 4819 I msm8974_platform: platform_check_and_set_codec_backend_cfg:becf: afe: bitwidth 16, samplerate 48000 channels 2, backend_idx 0 usecase = 38 device (voice-handset)
02-16 10:11:02.126 556 4819 D msm8974_platform: platform_split_snd_device: snd_device(15) num devices(1) new_snd_devices(0)
02-16 10:11:02.126 556 4819 I msm8974_platform: platform_check_and_set_codec_backend_cfg: new_snd_devices[0] is 15
02-16 10:11:02.126 556 4819 I msm8974_platform: platform_check_codec_backend_cfg:becf: afe: bitwidth 16, samplerate 48000 channels 2, backend_idx 0 usecase = 38 device (voice-handset)
02-16 10:11:02.126 556 4819 W msm8974_platform: platform_check_codec_backend_cfg:becf: afe:Use default bw and sr for voice/voip calls
02-16 10:11:02.126 556 4819 D msm8974_platform: platform_check_codec_backend_cfg:becf: afe: playback on codec device not supporting native playback set default Sample Rate(48k)
02-16 10:11:02.126 556 4819 I msm8974_platform: platform_check_codec_backend_cfg:becf: afe: Codec selected backend: 0 updated bit width: 16 and sample rate: 48000
02-16 10:11:02.126 556 4819 D audio_hw_primary: check_usecases_codec_backend:becf: force routing 0
02-16 10:11:02.126 556 4819 E msm8974_platform: platform_check_backends_match: Invalid snd_device =
02-16 10:11:02.126 556 4819 D audio_hw_primary: check_usecases_codec_backend:becf: (65) check_usecases curr device: voice-handset, usecase device: backends match 0
02-16 10:11:02.126 556 4819 D audio_hw_primary: check_usecases_codec_backend:becf: check_usecases num.of Usecases to switch 0
02-16 10:11:02.126 556 4819 D hardware_info: hw_info_append_hw_type : device_name = voice-handset
02-16 10:11:02.126 556 4819 D msm8974_platform: platform_split_snd_device: snd_device(15) num devices(0) new_snd_devices(0)
02-16 10:11:02.126 556 4819 D audio_hw_primary: enable_snd_device: snd_device(15: voice-handset)
02-16 10:11:02.126 556 4819 I soundtrigger: audio_extn_sound_trigger_update_device_status: device 0xf of type 0 for Event 1, with Raise=0
02-16 10:11:02.126 556 4819 D audio_route: Apply path: voice-handset
02-16 10:11:02.130 556 4819 I msm8974_platform: platform_check_and_set_capture_codec_backend_cfg:txbecf: afe: bitwidth 16, samplerate 48000, channel 1 format 1, backend_idx 7 usecase = 38 device (voice-dmic-ef)
02-16 10:11:02.130 556 4819 I msm8974_platform: platform_check_capture_codec_backend_cfg:txbecf: afe: Codec selected backend: 7 current bit width: 16 and sample rate: 48000, channels 1 format 1
02-16 10:11:02.131 556 4819 W msm8974_platform: platform_check_capture_codec_backend_cfg:txbecf: afe: Use default bw and sr for voice/voip calls and for unprocessed/camera source
02-16 10:11:02.131 556 4819 I msm8974_platform: platform_check_capture_codec_backend_cfg:txbecf: afe: Codec selected backend: 7 updated bit width: 16 and sample rate: 48000
02-16 10:11:02.131 556 4819 D audio_hw_primary: check_usecases_capture_codec_backend:becf: force routing 0
02-16 10:11:02.131 556 4819 D hardware_info: hw_info_append_hw_type : device_name = voice-dmic-ef
02-16 10:11:02.131 556 4819 D msm8974_platform: platform_split_snd_device: snd_device(99) num devices(0) new_snd_devices(0)
02-16 10:11:02.131 556 4819 D audio_hw_primary: enable_snd_device: snd_device(99: voice-dmic-ef)
02-16 10:11:02.131 556 4819 I soundtrigger: audio_extn_sound_trigger_update_device_status: device 0x63 of type 1 for Event 1, with Raise=1
02-16 10:11:02.131 556 4819 D sound_trigger_platform: platform_stdev_check_and_update_concurrency: concurrency active 0, tx 1, rx 0, concurrency session_allowed 0
02-16 10:11:02.131 556 4819 D audio_route: Apply path: voice-dmic-ef
02-16 10:11:02.141 556 4819 D ACDB-LOADER: ACDB -> send_voice_cal, acdb_rx = 7, acdb_tx = 41, feature_set = 0
02-16 10:11:02.141 556 4819 D ACDB-LOADER: ACDB -> send_voice_rx_topology
02-16 10:11:02.141 556 4819 D ACDB-LOADER: ACDB -> ACDB_CMD_GET_VOCPROC_COMMON_TOPOLOGY_ID
02-16 10:11:02.141 556 4819 D ACDB-LOADER: ACDB -> send_voice_tx_topology
02-16 10:11:02.141 556 4819 D ACDB-LOADER: ACDB -> ACDB_CMD_GET_VOCPROC_COMMON_TOPOLOGY_ID
02-16 10:11:02.141 556 4819 D ACDB-LOADER: ACDB -> ACDB_CMD_GET_AFE_DATA
02-16 10:11:02.141 556 4819 D ACDB-LOADER: ACDB -> AUDIO_SET_SIDETONE_CAL
02-16 10:11:02.141 556 4819 D ACDB-LOADER: ACDB -> send_voice_columns, rxacdb_id 7, txacdb_id 41, table 5
02-16 10:11:02.141 556 4819 D ACDB-LOADER: ACDB -> ACDB_CMD_GET_VOC_COLUMNS_INFO_V2
02-16 10:11:02.141 556 4819 D ACDB-LOADER: ACDB -> ACDB_CMD_GET_VOC_PROC_STATIC_TABLE_SIZE
02-16 10:11:02.141 556 4819 D ACDB-LOADER: ACDB -> ACDB_CMD_GET_VOC_PROC_STATIC_TABLE
02-16 10:11:02.142 556 4819 D ACDB-LOADER: ACDB -> AUDIO_SET_VOCPROC_CAL
02-16 10:11:02.142 556 4819 D ACDB-LOADER: ACDB -> ACDB_CMD_GET_VOC_PROC_DEVICE_CFG
02-16 10:11:02.142 556 4819 D ACDB-LOADER: ACDB -> AUDIO_SET_VOCPROC_DEV_CFG_CAL
02-16 10:11:02.142 556 4819 D ACDB-LOADER: ACDB -> send_voice_columns, rxacdb_id 7, txacdb_id 41, table 4
02-16 10:11:02.142 556 4819 D ACDB-LOADER: ACDB -> ACDB_CMD_GET_VOC_COLUMNS_INFO_V2
02-16 10:11:02.142 556 4819 D ACDB-LOADER: ACDB -> ACDB_CMD_GET_VOC_PROC_DYNAMIC_TABLE_SIZE
02-16 10:11:02.145 556 4819 D ACDB-LOADER: ACDB -> ACDB_CMD_GET_VOC_PROC_DYNAMIC_TABLE
02-16 10:11:02.149 556 4819 D ACDB-LOADER: ACDB -> AUDIO_SET_VOCPROC_VOL_CAL
02-16 10:11:02.149 556 4819 D ACDB-LOADER: ACDB -> send_voice_columns, rxacdb_id 7, txacdb_id 41, table 6
02-16 10:11:02.149 556 4819 D ACDB-LOADER: ACDB -> ACDB_CMD_GET_VOC_COLUMNS_INFO_V2
02-16 10:11:02.149 556 4819 D ACDB-LOADER: ACDB -> ACDB_CMD_GET_VOC_STREAM_STATIC_TABLE_SIZE
02-16 10:11:02.149 556 4819 D ACDB-LOADER: ACDB -> ACDB_CMD_GET_VOC_STREAM_STATIC_TABLE
02-16 10:11:02.149 556 4819 D ACDB-LOADER: ACDB -> AUDIO_SET_VOCPROC_STREAM_CAL
02-16 10:11:02.149 556 4819 D ACDB-LOADER: ACDB -> ACDB_CMD_GET_AFE_TOPOLOGY_ID
02-16 10:11:02.149 556 4819 D ACDB-LOADER: ACDB -> GET_AFE_TOPOLOGY_ID for adcd_id 41, Topology Id 112fb
02-16 10:11:02.149 556 4819 D : Failed to fetch the lookup information of the device 00000029
02-16 10:11:02.149 556 4819 E ACDB-LOADER: Error: ACDB_CMD_GET_AFE_COMMON_TABLE_SIZE Returned = -19
02-16 10:11:02.149 556 4819 D : Failed to fetch the lookup information of the device 00000029
02-16 10:11:02.149 556 4819 E ACDB-LOADER: Error: ACDB AFE returned = -19
02-16 10:11:02.149 556 4819 D ACDB-LOADER: ACDB -> ACDB_CMD_GET_AFE_TOPOLOGY_ID
02-16 10:11:02.149 556 4819 D ACDB-LOADER: ACDB -> GET_AFE_TOPOLOGY_ID for adcd_id 7, Topology Id 112fc
02-16 10:11:02.149 556 4819 D : Failed to fetch the lookup information of the device 00000007
02-16 10:11:02.149 556 4819 E ACDB-LOADER: Error: ACDB_CMD_GET_AFE_COMMON_TABLE_SIZE Returned = -19
02-16 10:11:02.149 556 4819 D : Failed to fetch the lookup information of the device 00000007
02-16 10:11:02.149 556 4819 E ACDB-LOADER: Error: ACDB AFE returned = -19
02-16 10:11:02.149 556 4819 D ACDB-LOADER: ACDB -> send_hw_delay : acdb_id = 41 path = 1
02-16 10:11:02.149 556 4819 D ACDB-LOADER: ACDB -> send_hw_delay : acdb_id = 7 path = 0
02-16 10:11:02.149 556 4819 D ACDB-LOADER: ACDB -> Sent VocProc Cal!
02-16 10:11:02.149 556 4819 E audio_hw_utils: audio_extn_utils_update_stream_app_type_cfg_for_usecase: app type cfg not supported for usecase type (3)
02-16 10:11:02.149 556 4819 I audio_hw_utils: audio_extn_utils_send_app_type_cfg: not a playback/capture path, no need to cfg app type
02-16 10:11:02.149 556 4819 D audio_hw_primary: enable_audio_route: apply mixer and update path: compress-voip-call
02-16 10:11:02.149 556 4819 D audio_route: Apply path: compress-voip-call
02-16 10:11:02.151 556 4819 D audio_hw_primary: select_devices: done
02-16 10:11:02.151 556 4819 D compress_voip: voip_start_call: Opening PCM capture device card_id(0) device_id(3)
02-16 10:11:02.152 556 4819 D compress_voip: voip_start_call: Opening PCM playback device card_id(0) device_id(3)
02-16 10:11:02.154 619 1089 W SurfaceFlinger: Attempting to set client state on removed layer: Dim Layer for - mAboveAppWindowsContainers#0
02-16 10:11:02.155 619 1089 W SurfaceFlinger: Attempting to destroy on removed layer: Dim Layer for - mAboveAppWindowsContainers#0
02-16 10:11:02.156 977 1512 E AppOps : Operation not started: uid=1000 pkg=android op=SYSTEM_ALERT_WINDOW
02-16 10:11:02.158 619 1103 W SurfaceFlinger: Attempting to destroy on removed layer: b4fea43 Permission info: Linphone#0
02-16 10:11:02.256 556 4819 D voice : voice_set_sidetone: enable, out_snd_device: 15
02-16 10:11:02.257 556 4819 D audio_route: Apply path: sidetone-handset
02-16 10:11:02.259 556 1490 D audio_hw_extn: audio_extn_get_parameters: returns
02-16 10:11:02.259 613 1865 I hash_map_utils: key: 'voip_out_stream_count' value: ''
02-16 10:11:02.260 556 1186 D audio_hw_extn: audio_extn_get_parameters: returns
02-16 10:11:02.260 613 1865 I hash_map_utils: key: 'voip_sample_rate' value: ''
02-16 10:11:02.261 613 1865 D AudioPolicyManagerCustom: Set VoIP and Direct output flags for PCM format
02-16 10:11:02.261 556 1186 I audio_hw_primary: getting vr mode to 0
02-16 10:11:02.261 613 1865 I hash_map_utils: key: 'vr_audio_mode_on' value: ''
02-16 10:11:02.262 613 1865 I AudioPolicyManagerCustom: VR mode is 0, switch to primary output if request is for fast|raw
02-16 10:11:02.262 613 1865 W AudioFlinger: createTrack_l(): mismatch between requested flags (00000104) and output flags (00000006)
02-16 10:11:02.262 613 1865 D AudioFlinger: Client defaulted notificationFrames to 192 for frameCount 384
02-16 10:11:02.263 4371 4371 I AudioTrack: AUDIO_OUTPUT_FLAG_FAST successful; frameCount 0 -> 384
02-16 10:11:02.267 557 557 W AshmemAllocator: ashmem_create_region(7680) returning hidl_memory(0x7073a2c100, 7680)
02-16 10:11:02.271 557 557 W AshmemAllocator: ashmem_create_region(7680) returning hidl_memory(0x7073a2c100, 7680)
02-16 10:11:02.275 556 4822 D audio_hw_primary: start_output_stream: enter: stream(0xf2a69000)usecase(1: low-latency-playback) devices(0x1)
02-16 10:11:02.277 556 4822 D audio_hw_primary: select_devices for use case (low-latency-playback)
02-16 10:11:02.277 556 4822 D audio_hw_primary: select_devices for use case (compress-voip-call)
02-16 10:11:02.277 556 4822 D audio_hw_primary: select_devices: out_snd_device(15: voice-handset) in_snd_device(0: )
02-16 10:11:02.277 556 4822 I msm8974_platform: platform_check_and_set_codec_backend_cfg:becf: afe: bitwidth 16, samplerate 48000 channels 2, backend_idx 0 usecase = 1 device (voice-handset)
02-16 10:11:02.277 556 4822 D msm8974_platform: platform_split_snd_device: snd_device(15) num devices(1) new_snd_devices(0)
02-16 10:11:02.277 556 4822 I msm8974_platform: platform_check_and_set_codec_backend_cfg: new_snd_devices[0] is 15
02-16 10:11:02.277 556 4822 I msm8974_platform: platform_check_codec_backend_cfg:becf: afe: bitwidth 16, samplerate 48000 channels 2, backend_idx 0 usecase = 1 device (voice-handset)
02-16 10:11:02.277 556 4822 W msm8974_platform: platform_check_codec_backend_cfg:becf: afe:Use default bw and sr for voice/voip calls
02-16 10:11:02.277 556 4822 D msm8974_platform: platform_check_codec_backend_cfg:becf: afe: playback on codec device not supporting native playback set default Sample Rate(48k)
02-16 10:11:02.277 556 4822 I msm8974_platform: platform_check_codec_backend_cfg:becf: afe: Codec selected backend: 0 updated bit width: 16 and sample rate: 48000
02-16 10:11:02.277 556 4822 D audio_hw_primary: check_usecases_codec_backend:becf: force routing 0
02-16 10:11:02.277 556 4822 D audio_hw_primary: check_usecases_codec_backend:becf: (65) check_usecases curr device: voice-handset, usecase device:voice-handset backends match 1
02-16 10:11:02.277 556 4822 E msm8974_platform: platform_check_backends_match: Invalid snd_device =
02-16 10:11:02.277 556 4822 D audio_hw_primary: check_usecases_codec_backend:becf: (65) check_usecases curr device: voice-handset, usecase device: backends match 0
02-16 10:11:02.277 556 4822 D audio_hw_primary: check_usecases_codec_backend:becf: check_usecases num.of Usecases to switch 0
02-16 10:11:02.277 556 4822 D hardware_info: hw_info_append_hw_type : device_name = voice-handset
02-16 10:11:02.277 556 4822 D soundtrigger: audio_extn_sound_trigger_update_stream_status: uc_info->id 1 of type 0 for Event 3, with Raise=0
02-16 10:11:02.277 556 4822 D audio_hw_utils: audio_extn_utils_send_app_type_cfg: usecase->out_snd_device voice-handset
02-16 10:11:02.277 556 4822 D msm8974_platform: platform_split_snd_device: snd_device(15) num devices(0) new_snd_devices(0)
02-16 10:11:02.278 556 4822 E msm8974_platform: platform_get_snd_device_backend_index: BE DAI Name Table is not present
02-16 10:11:02.278 556 4822 E audio_hw_utils: send_app_type_cfg_for_device: Couldn't get the backend index for snd device voice-handset ret=-14
02-16 10:11:02.278 556 4822 D audio_hw_utils: audio_extn_btsco_get_sample_rate:Not a BT SCO device, need not update sampling rate
02-16 10:11:02.278 556 4822 I audio_hw_utils: send_app_type_cfg_for_device PLAYBACK app_type 69937, acdb_dev_id 7, sample_rate 48000, snd_device_be_idx -14
02-16 10:11:02.278 556 4822 D msm8974_platform: platform_split_snd_device: snd_device(15) num devices(1) new_snd_devices(0)
02-16 10:11:02.278 556 4822 D ACDB-LOADER: ACDB -> send_audio_cal, acdb_id = 7, path = 0, app id = 0x11131, sample rate = 48000
02-16 10:11:02.278 556 4822 D ACDB-LOADER: ACDB -> ACDB_CMD_GET_AUDPROC_GAIN_DEP_STEP_TABLE, vol index 0
02-16 10:11:02.278 556 4822 D ACDB-LOADER: ACDB -> AUDIO_SET_VOL_CAL cal type = 12
02-16 10:11:02.278 556 4822 D ACDB-LOADER: ACDB -> audstrm_cal->cal_type.cal_data.cal_size = 16
02-16 10:11:02.278 556 4822 D ACDB-LOADER: ACDB -> ACDB_CMD_GET_AFE_TOPOLOGY_ID
02-16 10:11:02.278 556 4822 D ACDB-LOADER: ACDB -> GET_AFE_TOPOLOGY_ID for adcd_id 7, Topology Id 112fc
02-16 10:11:02.278 556 4822 D : Failed to fetch the lookup information of the device 00000007
02-16 10:11:02.278 556 4822 E ACDB-LOADER: Error: ACDB_CMD_GET_AFE_COMMON_TABLE_SIZE Returned = -19
02-16 10:11:02.278 556 4822 D : Failed to fetch the lookup information of the device 00000007
02-16 10:11:02.278 556 4822 E ACDB-LOADER: Error: ACDB AFE returned = -19
02-16 10:11:02.278 556 4822 D ACDB-LOADER: ACDB -> send_hw_delay : acdb_id = 7 path = 0
02-16 10:11:02.278 556 4822 D audio_hw_primary: enable_audio_route: apply mixer and update path: low-latency-playback
02-16 10:11:02.278 556 4822 D audio_route: Apply path: low-latency-playback
02-16 10:11:02.280 556 4822 D audio_hw_primary: select_devices: done
02-16 10:11:02.281 556 4822 D msm8974_platform: platform_set_channel_map mixer_ctl_name:Playback Channel Map15
02-16 10:11:02.282 556 4822 D msm8974_platform: platform_set_channel_map: set mapping(1 2 0 0 0 0 0 0) for channel:2
02-16 10:11:02.290 556 4822 D audio_hw_primary: start_output_stream: exit
02-16 10:11:02.306 4371 4371 W ActivityThread: handleWindowVisibility: no activity for token [email protected]
MSe1969 said:
Hi, thanks for reporting your issue, I may need some time to dig in to that.
Just one thing, which I have immediately spotted: The linphone app (which you used to create the logcat) did not have the RECORD_AUDIO permission - could you pls. have a closer look on that aspect?
Click to expand...
Click to collapse
Hi all,
I can confirm the same VoIP calling issues stated by @0xC0ncord. In my case I have reproduced the rebooting error on Whatsapp, Riot and NextCloud-Talk, which is always triggered right after a call is established between the peers. After some digging I found out there seems to be a missing check in the kernel's code (you can look it up on Gitlab > LineageOS > Issue 1558):
if (runtime->dma_area)
+ if (runtime->dma_area && !substream->ops->copy)
So maybe patching this check on sound/core/pcm_native.c could be the solution in this case too, not really sure. I'm not too experienced with kernel building, but if I get the opportunity to try and do it myself I'll let you know how it goes.
Cheers
AjikanRB said:
Hi all,
I can confirm the same VoIP calling issues stated by @0xC0ncord. In my case I have reproduced the rebooting error on Whatsapp, Riot and NextCloud-Talk, which is always triggered right after a call is established between the peers. After some digging I found out there seems to be a missing check in the kernel's code (you can look it up on Gitlab > LineageOS > Issue 1558):
if (runtime->dma_area)
+ if (runtime->dma_area && !substream->ops->copy)
So maybe patching this check on sound/core/pcm_native.c could be the solution in this case too, not really sure. I'm not too experienced with kernel building, but if I get the opportunity to try and do it myself I'll let you know how it goes.
Cheers
Click to expand...
Click to collapse
Thanks for the info - I was able to reproduce the crash by attempting a Telegram call.
Have applied the patch and now building... If the patch fixes the issue, I will upload a new build.
Anyway, will keep you posted.

Unexpected shutdown/restart

Hi,
I have again some ugly issues: from time to time, randomly, my HTC U12+ with latest software version shuts down, or reboots, or something.
For example, it works fine, I put it on the table and after some time, when I want to check it... Black screen. Not working.
Most of the time I struggle a lot to "open it". I keep pressing the power button, press it multiple times, press volume buttons... It looks like something happened and it does not work anymore.
The only "symptom" I found was that the Internet connection does not work anymore before losing the device.
Oh, I also booted in SAFE MODE, and it still happened!!!
I tried:
Clear caches, both from Boost+, Settings and CCleaner
Clear cache partition from recovery mode
Shaking it and force it a bit thinking about a hardware connection
I also, of course, used it without the case and it still happened
Nothing seems to work.
I took a bug report but I am not sure where to look at. I also connected using ADB and keeping it running with "logcat" hoping it will crash and I can find the bug in the logs...
Meanwhile, did this happen to any of you? Do you have any idea why this can happen?
Thanks!
Got some errors, this is exactly before the crash, last error messages:
04-08 18:10:58.738 1553 1894 D WifiStateMachine: handleMessage: E msg.what=131133
04-08 18:10:58.738 1553 1894 D WifiStateMachine: processMsg: ConnectedState
04-08 18:10:58.738 1553 1894 D WifiStateMachine: processMsg: L2ConnectedState
04-08 18:10:58.738 1553 1894 D WifiStateMachine: processMsg: ConnectModeState
04-08 18:10:58.738 1553 1894 D WifiStateMachine: processMsg: DefaultState
04-08 18:10:58.760 1553 1605 D Tethering: interfaceRemoved rmnet_data1
04-08 18:10:58.761 748 748 E WifiHAL : acquire_supported_features: requestResponse Error:-4
04-08 18:10:58.762 1553 1926 D EthernetNetworkFactory: updateCapabilityFilter: []
04-08 18:10:58.770 748 748 E WifiHAL : wifi_get_logger_supported_feature_set: Error -4 happened.
04-08 18:10:58.773 748 748 E WifiHAL : acquire_supported_features: requestResponse Error:-4
04-08 18:10:58.773 748 748 E WifiHAL : wifi_get_logger_supported_feature_set: Error -4 happened.
04-08 18:10:58.766 14703 14703 W iptables-wrappe: type=1400 audit(0.0:2722): avc: denied { read write } for path="/dev/diag" dev="tmpfs" ino=16129 scontext=u:r:netutils_wrapper:s0 tcontext=ubject_r:diag_devi
ce:s0 tclass=chr_file permissive=0
04-08 18:10:58.793 1553 1894 D WifiStateMachine: handleMessage: X
04-08 18:10:58.794 1553 1894 D WifiStateMachine: handleMessage: E msg.what=131135
04-08 18:10:58.794 1553 1894 D WifiStateMachine: processMsg: ConnectedState
04-08 18:10:58.794 1553 1894 D WifiStateMachine: processMsg: L2ConnectedState
04-08 18:10:58.794 1553 1894 D WifiStateMachine: processMsg: ConnectModeState
04-08 18:10:58.795 748 748 E WifiHAL : wifi_get_link_stats: requestResponse Error:-5
04-08 18:10:58.800 1553 1894 E WifiVendorHal: getWifiLinkLayerStats(l.937) failed {.code = ERROR_INVALID_ARGS, .description = }
04-08 18:10:58.802 1553 1894 D WifiStateMachine: handleMessage: X
04-08 18:10:58.803 1553 1590 E BatteryExternalStatsWorker: no controller energy info supplied for wifi
04-08 18:10:58.833 1553 1590 D BatteryExternalStatsWorker: uES end
04-08 18:10:58.833 1553 1590 D BatteryExternalStatsWorker: end updateExternalStatsSync
04-08 18:10:58.840 1180 1235 E Diag_Lib: Diag_LSM_Init: Failed to open handle to diag driver, error = 13
04-08 18:10:58.841 1180 1235 E Diag_Lib: qpLogDiagInit <== result : 0
04-08 18:10:58.841 1180 1235 E Diag_Lib: DATAD : gIsQXDMDisabled 0, gIsADBDisabled 1, gIsDebugDisabled 0, gIsIMSLogsDisabled 0
04-08 18:10:58.841 1180 1180 E Diag_Lib: Diag_LSM_Init: Failed to open handle to diag driver, error = 13
04-08 18:10:58.841 1180 1180 E Diag_Lib: qpLogDiagInit <== result : 0
04-08 18:10:58.841 1180 1180 E Diag_Lib: DATAD : gIsQXDMDisabled 0, gIsADBDisabled 1, gIsDebugDisabled 0, gIsIMSLogsDisabled 0
04-08 18:10:58.841 1180 1180 E Diag_Lib: Diag_LSM_Init: Failed to open handle to diag driver, error = 13
04-08 18:10:58.841 1180 1180 E Diag_Lib: qpLogDiagInit <== result : 0
04-08 18:10:58.841 1180 1180 E Diag_Lib: DATAD : gIsQXDMDisabled 0, gIsADBDisabled 1, gIsDebugDisabled 0, gIsIMSLogsDisabled 0
04-08 18:10:58.842 1180 1180 E Diag_Lib: Diag_LSM_Init: Failed to open handle to diag driver, error = 13
04-08 18:10:58.842 1180 1180 E Diag_Lib: qpLogDiagInit <== result : 0
04-08 18:10:58.842 1180 1180 E Diag_Lib: DATAD : gIsQXDMDisabled 0, gIsADBDisabled 1, gIsDebugDisabled 0, gIsIMSLogsDisabled 0
04-08 18:10:58.836 14708 14708 W iptables-wrappe: type=1400 audit(0.0:2723): avc: denied { read write } for path="/dev/diag" dev="tmpfs" ino=16129 scontext=u:r:netutils_wrapper:s0 tcontext=ubject_r:diag_devi
ce:s0 tclass=chr_file permissive=0
04-08 18:10:58.857 752 2147 E LocSvc_ApiV02: errorCb:4087]: Service unavailable error
04-08 18:10:58.857 752 2159 E LocSvc_ApiV02: errorCb:4087]: Service unavailable error
04-08 18:10:58.857 1127 1210 E LocSvc_ApiV02: errorCb:4087]: Service unavailable error
04-08 18:10:58.858 1128 1165 E LocSvc_ApiV02: errorCb:4087]: Service unavailable error
04-08 18:10:58.864 1088 1158 I cnss-daemon: wlfw_qmi_err_cb: Server disconnect, err -2 client 0x3K
