04-08 18:10:58.864 1088 1145 I cnss-daemon: wlfw_service_request: Pthread exiting
04-08 18:10:58.868 1553 1605 D Tethering: interfaceRemoved rmnet_data2
04-08 18:10:58.869 1553 1926 D EthernetNetworkFactory: updateCapabilityFilter: []
04-08 18:10:58.871 1088 14709 E cnss-daemon: ro.baseband : [msm]
04-08 18:10:58.873 1170 1250 E ThermalEngine: qmi_clnt_error_cb: with error -2 called for clnt MODEM
04-08 18:10:58.876 1127 1127 E slim_daemon: [QMISLIM] slim_QSQmiSvc_HandleSlimEvent: Client for ID 2 is not found
04-08 18:10:58.906 14715 14715 W iptables-wrappe: type=1400 audit(0.0:2724): avc: denied { read write } for path="/dev/diag" dev="tmpfs" ino=16129 scontext=u:r:netutils_wrapper:s0 tcontext=ubject_r:diag_devi
ce:s0 tclass=chr_file permissive=0
04-08 18:10:58.877 1170 1269 E ThermalEngine: qmi_ts_clnt_error_cb: with -2 called for clnt MODEM0
04-08 18:10:58.879 1251 2542 I QTI_SDM_INFO: [qti_rmnet_dpm.c:586] dpm_erro_cb():qti_dpm_erro_cb
04-08 18:10:58.881 1022 1072 D QC-time-services: Daemon:genoff_qmi_error_cb: Error callback called
04-08 18:10:58.882 1022 1060 D QC-time-services: Daemon:genoff_modem_qmi_service_request: Initializing QMI
04-08 18:10:58.886 1088 1786 I cnss-daemon: wlan_qmi_err_cb: WLPS service disconnect, called with error -2 for client 0x4K
Click to expand...
Click to collapse
I tried to change settings from Developer option, to stop services, uninstall apps, nothing seems to help.
I got another error log:
04-10 12:42:42.462 12182 12202 I FA : Tag Manager is not found and thus will not be used
04-10 12:42:42.507 12182 12236 D libc : [NET] dns_sku:0
04-10 12:42:42.508 12182 12236 D libc : [NET] android_getaddrinfo_proxy get netid:0
04-10 12:42:42.509 1067 12242 D libc : [NET] _dns_getaddrinfo+, netid:100, mark:983140
04-10 12:42:42.515 2595 12181 I FSA2_RawContactSyncer: contact count. before sweep: -1, before sync: 0, after sync down: -1, after sync up: 0
04-10 12:42:42.515 2595 12181 W FSA2_ContactsSyncAdapter: @onPerformSync Sync finished successfully
04-10 12:42:42.556 1067 12242 D libc : [NET] _dns_getaddrinfo-, (NS_SUCCESS)
04-10 12:42:42.558 12182 12236 D libc : [NET] android_getaddrinfo_proxy-, success
04-10 12:42:42.563 12182 12236 D NetworkSecurityConfig: Using Network Security Config from resource network_security_config debugBuild: false
04-10 12:42:42.776 1536 2575 D AlarmManager: [AlarmGrouping_4.0] before: 82012d8 2020-04-10 12:43:55 257081 name=com.google.android.gms type=ELAPSED_WAKEUP window=54546 interval=0
04-10 12:42:42.777 1536 2575 D AlarmManager: [AlarmGrouping_4.0] after: 82012d8 2020-04-10 12:50:00 621578 name=com.google.android.gms type=ELAPSED_WAKEUP window=54546 interval=0
04-10 12:42:42.953 11088 11123 I Finsky : [147] kem.run(3): Stats for Executor: BlockingExecutor [email protected][Running, pool size = 2, active threads = 0, queued tasks = 0, completed tasks = 13]
04-10 12:42:42.954 11088 11123 I Finsky : [147] kem.run(3): Stats for Executor: LightweightExecutor [email protected][Running, pool size = 4, active threads = 0, queued tasks = 0, completed tasks = 72]
04-10 12:42:43.198 1536 3796 I BatteryService: n_update end
04-10 12:42:43.201 739 739 D qdlights: set_light_battery colorRGB=FFFF0000
04-10 12:42:43.202 739 739 D qdlights: set_speaker_light_locked mode 0, colorRGB=FFFF0000, onMS=0, offMS=0
04-10 12:42:43.202 739 739 D qdlights: [LEDInfo] has indicator attribute
04-10 12:42:43.202 739 739 D qdlights: [LedInfo] write attr ok name=/sys/class/leds/indicator/ModeRGB string=1ff0000,len=7
04-10 12:42:43.209 1974 1974 I BatteryController: (lvl,plug,charged,charging)=(13,T,f,T) [status,health,timeout,unsupprt]=[2,2,f,f]
04-10 12:42:43.210 1536 1616 D HtcPowerSaver: updateBatteryInfo
04-10 12:42:43.210 7949 7949 D PowerWakeLock: acquirePower AOD_BatteryController
04-10 12:42:43.211 1536 4622 V LocSvc_HIDL_Subscription_jni: battery_level_update
04-10 12:42:43.214 1536 4622 V LocSvc_HIDL_Subscription_jni: [battery_level_update][931] [HC] =>> [HS]
04-10 12:42:43.214 754 754 V LocSvc_HIDL_IzatSubscription: [batteryLevelUpdate][777] [HS] <<<<= [HC]
04-10 12:42:43.214 1536 4622 V LocSvc_HIDL_Subscription_jni: Exit Result 0
04-10 12:42:43.216 1536 1536 D UsbnetService: BroadcastReceiver:nReceive+
04-10 12:42:43.216 1536 1536 D UsbnetService: onReceive BATTERY_CHANGED
04-10 12:42:43.217 1536 1536 D UsbnetService: --> pluggedType = 2, mPluggedType = 0, mScreenOff = false
04-10 12:42:43.217 1536 1536 D UsbnetService: BroadcastReceiver:nReceive-
04-10 12:42:43.217 7949 7949 D BatteryController: onReceive : android.intent.action.BATTERY_CHANGED
04-10 12:42:43.217 1536 1536 D UsbDeviceManager: Receive update chargind state broadcast
04-10 12:42:43.217 1536 1536 I DeviceIdleController: updateChargingLocked: charging=true
04-10 12:42:43.217 1536 1612 D UsbDeviceManager: [USB] handleMessage: 9; pre_mConnected=true, pre_mConfiguration=true
04-10 12:42:43.217 7949 7949 I BatteryController: (lvl,plug,charging)=(13,T,T) [status,health,timeout,unsupprt]=[2,2,f,f]
04-10 12:42:43.218 7949 7949 D AodClockView: onBatteryLevelChanged (13, true, true, false, false)
04-10 12:42:43.218 7949 7949 D b : onBatteryLevelChangedInternal(13, true, true, false, false)
04-10 12:42:43.220 7949 7949 D PowerWakeLock: releasePower AOD_BatteryController
04-10 12:42:43.222 1536 1536 W DeviceIdleController: becomeActiveLocked, reason = charging
04-10 12:42:43.222 1536 1536 D PowerManagerService: runPSCheck
04-10 12:42:43.222 1536 1536 D HtcPowerSaver: Checking...
04-10 12:42:43.222 1536 1536 I HtcPowerSaver: >> updateStatus
04-10 12:42:43.222 1536 1536 I HtcPowerSaver: << updateStatus
04-10 12:42:43.229 1989 1989 I PowerUI_SlowChargerReceiver: onReceive : com.htc.intent.action.BATTERY_LEVEL_CHANGED
04-10 12:42:43.231 1989 1989 I SmartNS_ChargeOnly_Enabler: battery status:2
04-10 12:42:43.236 1989 1989 I PowerUI_SlowChargerReceiver: Level: 13 Plug usb battery level: 12 Battery health: 2 USB type: 2
04-10 12:42:43.376 11088 11123 I Finsky : [147] kem.run(3): Stats for Executor: bgExecutor [email protected][Running, pool size = 4, active threads = 0, queued tasks = 0, completed tasks = 62]
04-10 12:42:43.381 3119 3119 W NotificationListener: shouldBeFilteredOut !canShowBadge() com.android.systemui
04-10 12:42:43.385 3104 3104 I Launcher: Deferring update until onResume
04-10 12:42:43.395 1974 1974 I StackScroller: updateEmptyShade(true,false,false)
04-10 12:42:43.395 1974 1974 I StatusBar: updateEmptyShade(true,false)
04-10 12:42:43.395 1974 1974 I StackScroller: setBlockTouch:false
04-10 12:42:43.495 1941 1941 D wpa_supplicant: RTM_NEWLINK: ifi_index=8 ifname=rmnet_ipa0 operstate=2 linkmode=0 ifi_family=0 ifi_flags=0x0 ()
04-10 12:42:43.504 1536 1612 I EthernetTracker: interfaceLinkStateChanged, iface: rmnet_ipa0, up: false
04-10 12:42:43.505 1536 1612 V WifiNative: Received iface link up/down notification on an invalid iface=rmnet_ipa0
04-10 12:42:43.505 1536 1612 D Tethering: interfaceStatusChanged rmnet_ipa0, false
04-10 12:42:43.508 1536 1612 D Tethering: ignore interface down for rmnet_ipa0
04-10 12:42:43.566 1941 1941 D wpa_supplicant: RTM_NEWLINK: ifi_index=20 ifname=r_rmnet_data0 operstate=2 linkmode=0 ifi_family=0 ifi_flags=0x0 ()
04-10 12:42:43.568 1536 1612 I EthernetTracker: interfaceLinkStateChanged, iface: r_rmnet_data0, up: false
04-10 12:42:43.569 1536 1612 V WifiNative: Received iface link up/down notification on an invalid iface=r_rmnet_data0
04-10 12:42:43.570 1536 1612 D Tethering: interfaceStatusChanged r_rmnet_data0, false
04-10 12:42:43.581 1536 1612 D Tethering: ignore interface down for r_rmnet_data0
04-10 12:42:43.640 1941 1941 D wpa_supplicant: RTM_DELLINK: ifi_index=8 ifname=rmnet_ipa0 operstate=2 linkmode=0 ifi_family=0 ifi_flags=0x0 ()
04-10 12:42:43.640 1941 1941 D wpa_supplicant: RTM_DELLINK: Interface 'rmnet_ipa0' removed
04-10 12:42:43.646 1536 1612 D Tethering: interfaceRemoved rmnet_ipa0
04-10 12:42:43.646 1536 1927 D EthernetNetworkFactory: updateCapabilityFilter: []
04-10 12:42:43.649 1941 1941 D wpa_supplicant: RTM_DELLINK: ifi_index=9 ifname=rmnet_data0 operstate=2 linkmode=0 ifi_family=0 ifi_flags=0x0 ()
04-10 12:42:43.649 1941 1941 D wpa_supplicant: RTM_DELLINK: Interface 'rmnet_data0' removed
04-10 12:42:43.650 1536 1612 D Tethering: interfaceRemoved rmnet_data0
04-10 12:42:43.650 1536 1927 D EthernetNetworkFactory: updateCapabilityFilter: []
04-10 12:42:43.681 12252 12252 W iptables-wrappe: type=1400 audit(0.0:2730): avc: denied { read write } for path="/dev/diag" dev="tmpfs" ino=17763 scontext=u:r:netutils_wrapper:s0 tcontext=ubject_r:diag_devi
ce:s0 tclass=chr_file permissive=0
04-10 12:42:43.751 12253 12253 W iptables-wrappe: type=1400 audit(0.0:2731): avc: denied { read write } for path="/dev/diag" dev="tmpfs" ino=17763 scontext=u:r:netutils_wrapper:s0 tcontext=ubject_r:diag_devi
ce:s0 tclass=chr_file permissive=0
04-10 12:42:43.797 1941 1941 D wpa_supplicant: RTM_DELLINK: ifi_index=10 ifname=rmnet_data1 operstate=2 linkmode=0 ifi_family=0 ifi_flags=0x0 ()
04-10 12:42:43.797 1941 1941 D wpa_supplicant: RTM_DELLINK: Interface 'rmnet_data1' removed
04-10 12:42:43.798 1536 1612 D Tethering: interfaceRemoved rmnet_data1
04-10 12:42:43.798 1536 1927 D EthernetNetworkFactory: updateCapabilityFilter: []
04-10 12:42:43.821 12254 12254 W iptables-wrappe: type=1400 audit(0.0:2732): avc: denied { read write } for path="/dev/diag" dev="tmpfs" ino=17763 scontext=u:r:netutils_wrapper:s0 tcontext=ubject_r:diag_devi
ce:s0 tclass=chr_file permissive=0
04-10 12:42:43.880 1941 1941 D wpa_supplicant: RTM_DELLINK: ifi_index=11 ifname=rmnet_data2 operstate=2 linkmode=0 ifi_family=0 ifi_flags=0x0 ()
04-10 12:42:43.881 1941 1941 D wpa_supplicant: RTM_DELLINK: Interface 'rmnet_data2' removed
04-10 12:42:43.889 1536 1612 D Tethering: interfaceRemoved rmnet_data2
04-10 12:42:43.889 1536 1927 D EthernetNetworkFactory: updateCapabilityFilter: []
04-10 12:42:43.891 12255 12255 W iptables-wrappe: type=1400 audit(0.0:2733): avc: denied { read write } for path="/dev/diag" dev="tmpfs" ino=17763 scontext=u:r:netutils_wrapper:s0 tcontext=ubject_r:diag_devi
ce:s0 tclass=chr_file permissive=0
04-10 12:42:43.951 12256 12256 W iptables-wrappe: type=1400 audit(0.0:2734): avc: denied { read write } for path="/dev/diag" dev="tmpfs" ino=17763 scontext=u:r:netutils_wrapper:s0 tcontext=ubject_r:diag_devi
ce:s0 tclass=chr_file permissive=0
04-10 12:42:43.957 1941 1941 D wpa_supplicant: RTM_DELLINK: ifi_index=12 ifname=rmnet_data3 operstate=2 linkmode=0 ifi_family=0 ifi_flags=0x0 ()
04-10 12:42:43.957 1941 1941 D wpa_supplicant: RTM_DELLINK: Interface 'rmnet_data3' removed
04-10 12:42:43.958 1536 1612 D Tethering: interfaceRemoved rmnet_data3
04-10 12:42:43.959 1536 1927 D EthernetNetworkFactory: updateCapabilityFilter: []
04-10 12:42:44.037 1941 1941 D wpa_supplicant: RTM_DELLINK: ifi_index=13 ifname=rmnet_data4 operstate=2 linkmode=0 ifi_family=0 ifi_flags=0x0 ()
04-10 12:42:44.037 1941 1941 D wpa_supplicant: RTM_DELLINK: Interface 'rmnet_data4' removed
04-10 12:42:44.041 1536 1612 D Tethering: interfaceRemoved rmnet_data4
04-10 12:42:44.057 1536 1927 D EthernetNetworkFactory: updateCapabilityFilter: []
04-10 12:42:44.087 1173 1221 E Diag_Lib: Diag_LSM_Init: Failed to open handle to diag driver, error = 13
04-10 12:42:44.088 1173 1221 E Diag_Lib: qpLogDiagInit <== result : 0
04-10 12:42:44.088 1173 1221 E Diag_Lib: DATAD : gIsQXDMDisabled 0, gIsADBDisabled 1, gIsDebugDisabled 0, gIsIMSLogsDisabled 0
04-10 12:42:44.088 1173 1173 E Diag_Lib: Diag_LSM_Init: Failed to open handle to diag driver, error = 13
04-10 12:42:44.088 1173 1173 E Diag_Lib: qpLogDiagInit <== result : 0
04-10 12:42:44.088 1173 1173 E Diag_Lib: DATAD : gIsQXDMDisabled 0, gIsADBDisabled 1, gIsDebugDisabled 0, gIsIMSLogsDisabled 0
04-10 12:42:44.088 1173 1173 E Diag_Lib: Diag_LSM_Init: Failed to open handle to diag driver, error = 13
04-10 12:42:44.088 1173 1173 E Diag_Lib: qpLogDiagInit <== result : 0
04-10 12:42:44.088 1173 1173 E Diag_Lib: DATAD : gIsQXDMDisabled 0, gIsADBDisabled 1, gIsDebugDisabled 0, gIsIMSLogsDisabled 0
04-10 12:42:44.089 1173 1173 E Diag_Lib: Diag_LSM_Init: Failed to open handle to diag driver, error = 13
04-10 12:42:44.089 1173 1173 E Diag_Lib: qpLogDiagInit <== result : 0
04-10 12:42:44.089 1173 1173 E Diag_Lib: DATAD : gIsQXDMDisabled 0, gIsADBDisabled 1, gIsDebugDisabled 0, gIsIMSLogsDisabled 0
04-10 12:42:44.100 754 2066 E LocSvc_ApiV02: errorCb:4087]: Service unavailable error
04-10 12:42:44.100 1130 1186 E LocSvc_ApiV02: errorCb:4087]: Service unavailable error
04-10 12:42:44.101 1129 1208 E LocSvc_ApiV02: errorCb:4087]: Service unavailable error
04-10 12:42:44.102 754 2069 E LocSvc_ApiV02: errorCb:4087]: Service unavailable error
04-10 12:42:44.108 1089 1148 I cnss-daemon: wlfw_qmi_err_cb: Server disconnect, err -2 client 0x2K
04-10 12:42:44.108 1089 1145 I cnss-daemon: wlfw_service_request: Pthread exiting
04-10 12:42:44.115 1089 12259 E cnss-daemon: ro.baseband : [msm]
04-10 12:42:44.117 1941 1941 D wpa_supplicant: RTM_DELLINK: ifi_index=14 ifname=rmnet_data5 operstate=2 linkmode=0 ifi_family=0 ifi_flags=0x0 ()
04-10 12:42:44.117 1941 1941 D wpa_supplicant: RTM_DELLINK: Interface 'rmnet_data5' removed
04-10 12:42:44.121 1536 1612 D Tethering: interfaceRemoved rmnet_data5
04-10 12:42:44.122 1536 1927 D EthernetNetworkFactory: updateCapabilityFilter: []
04-10 12:42:44.137 1129 1129 E slim_daemon: [QMISLIM] slim_QSQmiSvc_HandleSlimEvent: Client for ID 2 is not found
04-10 12:42:44.138 1159 1234 E ThermalEngine: qmi_clnt_error_cb: with error -2 called for clnt MODEM
04-10 12:42:44.140 1271 2500 I QTI_SDM_INFO: [qti_rmnet_dpm.c:586] dpm_erro_cb():qti_dpm_erro_cb
04-10 12:42:44.143 1159 1249 E ThermalEngine: qmi_ts_clnt_error_cb: with -2 called for clnt MODEM0
04-10 12:42:44.143 1271 2498 I QTI_SDM_INFO: [qti_rmnet_peripheral.c:1221] qti_rmnet_ph_set_modem_state():Received set modem state to 0
04-10 12:42:44.143 1271 2498 E QTI_SDM_INFO: [qti_rmnet_peripheral.c:1233] qti_rmnet_ph_set_modem_state():Couldn't set ph_iface_fd
04-10 12:42:44.143 1271 2498 E QTI_SDM_INFO: [qti_rmnet_modem.c:1726] qti_rmnet_modem_not_in_service():Failed to set modem state on peripheral driver file
04-10 12:42:44.143 1271 2498 I QTI_SDM_INFO: [qti_rmnet_dpm.c:542] qti_rmnet_dpm_release():qti_rmnet_dpm_release Entry
04-10 12:42:44.144 1271 2498 I QTI_SDM_INFO: [qti_rmnet_dpm.c:551] qti_rmnet_dpm_release():Successfully deregistered DPM client
04-10 12:42:44.144 1271 2498 I QTI_SDM_INFO: [qti_rmnet_modem.c:1737] qti_rmnet_modem_not_in_service():qti rmnet modem not in service going to register DPM call back
04-10 12:42:44.148 1025 1079 D QC-time-services: Daemon:genoff_qmi_error_cb: Error callback called
04-10 12:42:44.148 1025 1069 D QC-time-services: Daemon:genoff_modem_qmi_service_request: Initializing QMI
04-10 12:42:44.151 1536 2092 D HtcSystemUPManager: HtcSystemUPolicy [canLog (default)] category: modem, enable: true
04-10 12:42:44.157 1089 1789 I cnss-daemon: wlan_qmi_err_cb: WLPS service disconnect, called with error -2 for client 0x4K
04-10 12:42:44.159 1018 10372 V AudioFlg: registerClient() client 0xe2c3e018, pid 2109
04-10 12:42:44.160 1018 10372 V AudioFlg: setParameters(): io 0, keyvalue vsid=299651072;call_state=1, calling pid 2109 calling uid 1001
04-10 12:42:44.173 1018 10372 D PermissionCache: checking android.permission.MODIFY_AUDIO_SETTINGS for uid=1001 => granted (13392 us)
04-10 12:42:44.173 1018 10372 W AudioFlg: setParameters(): Voice vsid=299651072;call_state=1
04-10 12:42:44.174 1018 10372 V AudioFlg: setParameters: filtered keyvalue call_state=1;vsid=299651072
04-10 12:42:44.175 722 957 D audio_hw_primary: adev_set_parameters: enter: call_state=1;vsid=299651072
04-10 12:42:44.175 722 957 D voice_extn: update_call_states is_call_active:0 in_call:0, mode:0
04-10 12:42:44.175 722 957 D audio_hw_extn: audio_extn_set_anc_parameters: anc_enabled:0
04-10 12:42:44.175 722 957 D split_a2dp: ignore a2dp setparameter
04-10 12:42:44.175 722 957 D audio_hw_spkr_prot: audio_extn_fbsp_set_parameters: Speaker protection disabled
04-10 12:42:44.178 722 957 D r_submix: adev_set_parameters: call_state=1;vsid=299651072
04-10 12:42:44.178 1536 2093 D HtcSystemUPManager: HtcSystemUPReceiver Wrong format of UP data, ignore it!
04-10 12:42:44.182 1018 1338 V AudioFlg: setParameters(): io 0, keyvalue vsid=299651072;call_state=1, calling pid 2109 calling uid 1001
04-10 12:42:44.182 1018 1338 W AudioFlg: setParameters(): Voice vsid=299651072;call_state=1
04-10 12:42:44.183 1018 1338 V AudioFlg: setParameters: filtered keyvalue call_state=1;vsid=299651072
04-10 12:42:44.186 722 957 D audio_hw_primary: adev_set_parameters: enter: call_state=1;vsid=299651072
04-10 12:42:44.186 722 957 D voice_extn: update_call_states is_call_active:0 in_call:0, mode:0
04-10 12:42:44.187 722 957 D audio_hw_extn: audio_extn_set_anc_parameters: anc_enabled:0
04-10 12:42:44.187 722 957 D split_a2dp: ignore a2dp setparameter
04-10 12:42:44.187 722 957 D audio_hw_spkr_prot: audio_extn_fbsp_set_parameters: Speaker protection disabled
04-10 12:42:44.189 1173 1173 E Diag_Lib: Diag_LSM_Init: Failed to open handle to diag driver, error = 13
04-10 12:42:44.189 1173 1173 E Diag_Lib: qpLogDiagInit <== result : 0
04-10 12:42:44.189 1173 1173 E Diag_Lib: DATAD : gIsQXDMDisabled 0, gIsADBDisabled 1, gIsDebugDisabled 0, gIsIMSLogsDisabled 0
04-10 12:42:44.189 1173 1173 E Diag_Lib: Diag_LSM_Init: Failed to open handle to diag driver, error = 13
04-10 12:42:44.189 1173 1173 E Diag_Lib: qpLogDiagInit <== result : 0
04-10 12:42:44.189 2874 2948 I SecureElement-Terminal-SIM1: OnStateChange:false
04-10 12:42:44.189 1173 1173 E Diag_Lib: DATAD : gIsQXDMDisabled 0, gIsADBDisabled 1, gIsDebugDisabled 0, gIsIMSLogsDisabled 0
04-10 12:42:44.190 1271 2498 I QTI_SDM_INFO: [qti_rmnet_modem.c:1749] qti_rmnet_modem_not_in_service():Completed processing modem out of service ind
04-10 12:42:44.190 1271 2498 I QTI_SDM_INFO: [qti_cmdq.c:113] qti_cmdq_cmd_free():qcmap_cmdq: free one commmand data
04-10 12:42:44.190 2874 2948 I SecureElement-AccessControlEnforcer: Reset the ACE for terminal:SIM1
04-10 12:42:44.192 1159 12263 I ThermalEngine: qmi: Instance id 0 for MODEM0 TS
04-10 12:42:44.194 722 3408 D r_submix: adev_set_parameters: call_state=1;vsid=299651072
04-10 12:42:44.195 1018 10372 V AudioFlg: setParameters(): io 0, keyvalue vsid=297816064;call_state=1, calling pid 2109 calling uid 1001
04-10 12:42:44.195 1018 10372 W AudioFlg: setParameters(): Voice vsid=297816064;call_state=1
04-10 12:42:44.195 1018 10372 V AudioFlg: setParameters: filtered keyvalue call_state=1;vsid=297816064
04-10 12:42:44.195 722 3408 D audio_hw_primary: adev_set_parameters: enter: call_state=1;vsid=297816064
04-10 12:42:44.195 722 3408 D voice_extn: update_call_states is_call_active:0 in_call:0, mode:0
04-10 12:42:44.195 722 3408 D audio_hw_extn: audio_extn_set_anc_parameters: anc_enabled:0
04-10 12:42:44.195 722 3408 D split_a2dp: ignore a2dp setparameter
04-10 12:42:44.195 722 3408 D audio_hw_spkr_prot: audio_extn_fbsp_set_parameters: Speaker protection disabled
04-10 12:42:44.196 2927 2993 I QcrilOemhookMsgTunnel: [1]processOemHookIndication length=47
04-10 12:42:44.199 722 3408 D r_submix: adev_set_parameters: call_state=1;vsid=297816064
04-10 12:42:44.200 1018 10372 V AudioFlg: setParameters(): io 0, keyvalue vsid=299651072;call_state=1, calling pid 2109 calling uid 1001
04-10 12:42:44.200 1018 10372 W AudioFlg: setParameters(): Voice vsid=299651072;call_state=1
04-10 12:42:44.200 1018 10372 V AudioFlg: setParameters: filtered keyvalue call_state=1;vsid=299651072
04-10 12:42:44.200 722 3408 D audio_hw_primary: adev_set_parameters: enter: call_state=1;vsid=299651072
04-10 12:42:44.201 722 3408 D voice_extn: update_call_states is_call_active:0 in_call:0, mode:0
04-10 12:42:44.201 722 3408 D audio_hw_extn: audio_extn_set_anc_parameters: anc_enabled:0
04-10 12:42:44.201 722 3408 D split_a2dp: ignore a2dp setparameter
04-10 12:42:44.201 722 3408 D audio_hw_spkr_prot: audio_extn_fbsp_set_parameters: Speaker protection disabled
04-10 12:42:44.202 722 3408 D r_submix: adev_set_parameters: call_state=1;vsid=299651072
04-10 12:42:44.203 1018 10372 V AudioFlg: setParameters(): io 0, keyvalue vsid=297816064;call_state=1, calling pid 2109 calling uid 1001
04-10 12:42:44.203 1018 10372 W AudioFlg: setParameters(): Voice vsid=297816064;call_state=1
04-10 12:42:44.203 1018 10372 V AudioFlg: setParameters: filtered keyvalue call_state=1;vsid=297816064
04-10 12:42:44.204 722 3408 D audio_hw_primary: adev_set_parameters: enter: call_state=1;vsid=297816064
04-10 12:42:44.204 722 3408 D voice_extn: update_call_states is_call_active:0 in_call:0, mode:0
04-10 12:42:44.204 722 3408 D audio_hw_extn: audio_extn_set_anc_parameters: anc_enabled:0
04-10 12:42:44.204 722 3408 D split_a2dp: ignore a2dp setparameter
04-10 12:42:44.204 722 3408 D audio_hw_spkr_prot: audio_extn_fbsp_set_parameters: Speaker protection disabled
04-10 12:42:44.205 722 3408 D r_submix: adev_set_parameters: call_state=1;vsid=297816064
04-10 12:42:44.208 1018 10372 V AudioFlg: setParameters(): io 0, keyvalue vsid=297816064;call_state=1, calling pid 2109 calling uid 1001
04-10 12:42:44.208 1018 10372 W AudioFlg: setParameters(): Voice vsid=297816064;call_state=1
04-10 12:42:44.209 1018 10372 V AudioFlg: setParameters: filtered keyvalue call_state=1;vsid=297816064
04-10 12:42:44.209 722 3408 D audio_hw_primary: adev_set_parameters: enter: call_state=1;vsid=297816064
04-10 12:42:44.209 722 3408 D voice_extn: update_call_states is_call_active:0 in_call:0, mode:0
04-10 12:42:44.209 722 3408 D audio_hw_extn: audio_extn_set_anc_parameters: anc_enabled:0
04-10 12:42:44.209 722 3408 D split_a2dp: ignore a2dp setparameter
04-10 12:42:44.209 722 3408 D audio_hw_spkr_prot: audio_extn_fbsp_set_parameters: Speaker protection disabled
04-10 12:42:44.209 2927 2993 I QcrilOemhookMsgTunnel: [0]processOemHookIndication length=47
04-10 12:42:44.212 2124 2124 I ImsFeature: notifying ImsFeatureState=0
04-10 12:42:44.212 2124 2124 I ImsServiceController: notifyImsFeatureStatus: slot=0, feature=1, status=0
04-10 12:42:44.213 2124 2124 I MmTelFeatureConnection: imsStatusChanged: slot: 0 feature: 1 status: 0
04-10 12:42:44.215 2124 2124 I chatty : uid=1001(radio) com.android.phone identical 28 lines
04-10 12:42:44.215 2124 2124 I MmTelFeatureConnection: imsStatusChanged: slot: 0 feature: 1 status: 0
04-10 12:42:44.215 722 3408 D r_submix: adev_set_parameters: call_state=1;vsid=297816064
04-10 12:42:44.216 2124 2124 W ImsServiceController: sendImsFeatureStatusChanged: Binder died, removing callback. Exception:null
04-10 12:42:44.216 2124 2124 I MmTelFeatureConnection: imsStatusChanged: slot: 0 feature: 1 status: 0
04-10 12:42:44.216 2124 2124 I chatty : uid=1001(radio) com.android.phone identical 2 lines
04-10 12:42:44.216 2124 2124 I MmTelFeatureConnection: imsStatusChanged: slot: 0 feature: 1 status: 0
04-10 12:42:44.216 2124 2124 W ImsServiceController: sendImsFeatureStatusChanged: Binder died, removing callback. Exception:null
04-10 12:42:44.216 2124 2124 I MmTelFeatureConnection: imsStatusChanged: slot: 0 feature: 1 status: 0
04-10 12:42:44.217 2124 2124 I chatty : uid=1001(radio) com.android.phone identical 11 lines
04-10 12:42:44.217 2124 2124 I MmTelFeatureConnection: imsStatusChanged: slot: 0 feature: 1 status: 0
04-10 12:42:44.218 2124 2124 I CallbackAdapterManager: Closing connection and clearing callbacks
04-10 12:42:44.218 2124 2124 W MmTelFeatureConnection: remove: Couldn't get IImsMmTelFeature binder
04-10 12:42:44.218 2124 2124 I CallbackAdapterManager: Closing connection and clearing callbacks
04-10 12:42:44.219 2124 2124 I MmTelFeatureConnection: imsStatusChanged: slot: 0 feature: 1 status: 0
04-10 12:42:44.219 2124 2124 I chatty : uid=1001(radio) com.android.phone identical 13 lines
04-10 12:42:44.219 2124 2124 I MmTelFeatureConnection: imsStatusChanged: slot: 0 feature: 1 status: 0
04-10 12:42:44.219 2097 2116 I MmTelFeatureConnection: imsStatusChanged: slot: 0 feature: 1 status: 0
04-10 12:42:44.222 2097 2108 I MmTelFeatureConnection: imsStatusChanged: slot: 0 feature: 1 status: 0
04-10 12:42:44.228 2927 2993 I QcrilOemhookMsgTunnel: [1]processOemHookIndication length=47
04-10 12:42:44.231 2097 2116 I MmTelFeatureConnection: onDeregistered ::
04-10 12:42:44.235 2927 2993 I QcrilOemhookMsgTunnel: [0]processOemHookIndication length=47
04-10 12:42:44.238 1941 1941 D wpa_supplicant: RTM_DELLINK: ifi_index=15 ifname=rmnet_data6 operstate=2 linkmode=0 ifi_family=0 ifi_flags=0x0 ()
04-10 12:42:44.238 1941 1941 D wpa_supplicant: RTM_DELLINK: Interface 'rmnet_data6' removed
04-10 12:42:44.240 2927 2993 I QcrilOemhookMsgTunnel: [1]processOemHookIndication length=47
04-10 12:42:44.242 1536 1927 D EthernetNetworkFactory: updateCapabilityFilter: []
04-10 12:42:44.242 1536 1612 D Tethering: interfaceRemoved rmnet_data6
04-10 12:42:44.245 2927 2993 I QcrilOemhookMsgTunnel: [0]processOemHookIndication length=47
04-10 12:42:44.246 1974 1974 D NetworkController: [FakeUI][0] Start!
04-10 12:42:44.252 1974 1974 D NetworkController: [FakeUI][1] Start!
04-10 12:42:44.258 2124 2124 D HtcBuildUtils: supportSIMLockedNotification = 0
Click to expand...
Click to collapse
Does anyone have any idea why this happens?
Could it be a hardware issue?
I do not want to lose all the data on the phone (I know, backup helps but not fully: 2 factor authentication apps, etc.)
OK, problem soved: I destroyed the phone (getting a small hand cut as well).
Reset to factory > Same thing
Recovery mode > Wipe > Same thing
It was probably a hardware issue. I saved my data (what I could) and throw it at the garbage.
So from now on, never HTC (if they ever come with a new phone). System UI restarting, no updates, this errors, dumb buttons (never fully worked, of course, and almost 2 years were not enough to get used to them).

Categories

Resources